 -u*r + 173 - 9 = 0. Does 4 divide r?
False
Let l(h) = 5*h**3 + 26*h**2 + 102*h + 29. Is 192 a factor of l(14)?
False
Let v be 8/(-6)*6*(-3)/6. Suppose -5*p - w + 1198 = 0, 0*p + 956 = v*p + 2*w. Does 16 divide p?
True
Let r = -1562 + 3718. Suppose -9416 = -11*i - r. Is i a multiple of 30?
True
Let p(a) = -10*a - 25. Let f be p(-8). Suppose -4*s - s - 275 = -l, s + f = 3*l. Let j = -38 - s. Is 12 a factor of j?
False
Let m(b) = b**3 + 40*b**2 - 115*b - 171. Is 105 a factor of m(-38)?
False
Let c = 3698 + -2142. Let o = c + -1106. Is o a multiple of 25?
True
Is 79047/((-105)/(-7) + -12) a multiple of 24?
False
Does 38 divide 10 + 2 + (-7 - (14 + -1909))?
True
Let n(u) be the third derivative of u**6/40 - 11*u**5/60 + u**4/4 - 11*u**3/6 + 30*u**2. Let r be n(5). Is 11 a factor of r + 17/(-5) + 10/25?
False
Let h(c) = 17*c**3 - 3*c**2 + 5*c - 41. Is h(7) a multiple of 41?
False
Suppose 465 = o + 2*o. Suppose 26*w - 2523 = 51. Let k = o - w. Is 12 a factor of k?
False
Suppose y + 0*y = 2*y. Let z(m) = -m**2 - 18*m - 13. Let h be z(-17). Suppose -h*x - 3*n + y*n + 417 = 0, 117 = x + 5*n. Does 15 divide x?
False
Suppose -21*s + 5*s - 1008 = 0. Is ((-46)/3)/(s/945) a multiple of 42?
False
Let u(l) = 219*l + 2406. Is u(20) a multiple of 29?
True
Suppose -5300 = -4*h - 4*y, 5*h - 8*h = -5*y - 3999. Suppose 4*k - h = -4*t, 0*k = 5*t + 4*k - 1664. Suppose 0 = p + 6*p - t. Does 4 divide p?
True
Suppose 5*q = 10, -5*k = 6*q - 3*q + 4. Let h be (-5)/k - (-63)/18. Suppose h*i = 9 + 33. Does 7 divide i?
True
Let f be -9 + 7 + -1 - 3/(-1). Suppose f = -7*s + 9*s - 646. Does 19 divide s?
True
Let z be (-3)/((-49)/(-42) + (-5)/3). Is (-2 - -40)*(-129)/z*-1 a multiple of 43?
True
Suppose 0 = -3*k + 2*j + 9 + 8, 18 = 3*k - 3*j. Suppose -996 = -k*c + 2*c. Suppose -2*t + 4*y + c = 0, -y + 6*y - 830 = -5*t. Does 11 divide t?
False
Let l be 129789/57 - 2*3. Suppose 0 = -10*t - 891 + l. Does 21 divide t?
False
Suppose -v + 3215 = 55. Let w(a) = -18*a + 330. Let s be w(15). Is (-2)/3 + v/s a multiple of 13?
True
Suppose 3*t - 2*i + 92886 = 8*t, -t - 3*i + 18585 = 0. Does 23 divide t?
False
Let q(h) be the first derivative of 2*h**2 + 22*h - 6. Let v be q(-3). Let f = 42 + v. Is 10 a factor of f?
False
Let a(u) = u**3 + u**2 - 4*u - 4. Let m(d) = d**3 - 8*d**2 + 7*d - 9. Let w be m(5). Let c = w + 52. Is a(c) a multiple of 5?
True
Let b = 343 + -339. Suppose -2736 = -4*n + b*y, n + y + 2*y = 676. Is n a multiple of 9?
False
Let t(b) = -7*b**3 - 5*b**2 - 11*b + 1. Let p(s) = -3*s**3 - 3*s**2 - 6*s + 1. Let x(o) = -9*p(o) + 4*t(o). Let c = -8 + 12. Is x(c) a multiple of 13?
False
Let r(j) = -j**3 - 10*j**2 - 17*j + 20. Let c = 68 + -77. Is r(c) a multiple of 6?
False
Let t = 21877 + -8213. Is t a multiple of 112?
True
Let d be (16/(-14))/(-4) + (-394)/7. Let h = 51 + d. Let i = 11 + h. Does 6 divide i?
True
Suppose 28*t = -49*t + 52822. Is t a multiple of 10?
False
Let v(n) be the third derivative of 179*n**5/60 + n**3/6 - 3*n**2 - 24. Let u = -4 + 5. Is v(u) a multiple of 30?
True
Let q = -474 - -503. Suppose -15*i - q*i = -7700. Does 3 divide i?
False
Let d(q) = 11*q + 280. Let s be d(-22). Suppose 474 = -s*b + 41*b. Is b a multiple of 32?
False
Suppose 10*w - 73 = -23. Suppose -4*s - 49 = w*a - 177, 5*s = 10. Does 3 divide a?
True
Suppose -2*p + 8 = 0, 3*p - 5 = 2*a + 3. Suppose 3*s - 2*z - 17 = 0, a*z - 7 = -s - 4. Suppose -4*j - 72 = -3*c + 105, j = -s*c + 272. Does 5 divide c?
True
Is (-173 - (-2)/2)*(35 - 2 - 37) a multiple of 43?
True
Let m be 16/(-7)*(-77)/22. Suppose 3*w - 790 = -2*u, -3*u - 518 = -m*w + 6*w. Does 14 divide w?
False
Suppose 5*g + 10*m = 6*m - 320, -3*g - 165 = -3*m. Is (g/(-80))/(9/4020) a multiple of 46?
False
Let b(g) be the third derivative of g**6/120 + 17*g**5/60 + 19*g**4/24 - 25*g**3/6 - 124*g**2. Does 48 divide b(-15)?
False
Let b be 224 - ((1 - -2) + 1). Suppose 142*p - 146*p = b. Let a = p - -91. Is 4 a factor of a?
True
Let i be 6 + (28/7 - 3). Suppose -5*p = -i*p + 2, -5*p + 731 = 2*w. Is w a multiple of 33?
True
Let x(o) = -23*o + 2. Let v be x(-2). Suppose 4*y = -3*w - 35, 3*w + 5*y = -20 - 17. Is (-12)/8*v/w a multiple of 2?
True
Let v = -40 + 72. Let h = 30 - v. Let p(k) = -37*k + 6. Is 20 a factor of p(h)?
True
Let z = 26779 - 18612. Does 87 divide z?
False
Suppose 0 = -8*w + 6*w + 36. Suppose -4*o = j - 29, -4*o + w = 3*j - 5. Suppose 246 = y + 3*y + 3*z, 4*z + o = 0. Is 9 a factor of y?
True
Suppose 0 = -18*m + 19*m + 2*v - 9166, -27463 = -3*m + v. Is m a multiple of 8?
False
Let b(v) = -v**3 + 2*v**2 + v + 5. Let h(o) = -o**2 + 5*o. Let w be h(5). Let g be b(w). Suppose 2*k - g*k = -207. Does 18 divide k?
False
Let y(u) = u**2 - 7*u. Let v be y(-6). Let r(q) = q**3 + 6*q**2 + 12*q + 9. Let m be r(-3). Suppose 0*d + d = -2, -k + d + v = m. Is k a multiple of 19?
True
Suppose 3*r + 1 = -3*f + 7, 4*f + 2*r - 4 = 0. Suppose -x = -f*x + 5, -x - 518 = -3*d. Does 37 divide d?
False
Let k = 18 + -14. Suppose -k*x + q + 941 = 0, -947 = 2*x - 6*x - q. Suppose -4*i - x = -8*i. Is 15 a factor of i?
False
Let w(b) be the third derivative of b**5/40 - 2*b**4/3 - 7*b**3/2 + 14*b**2. Let d(j) be the first derivative of w(j). Does 4 divide d(7)?
False
Suppose -3*i - 3*a = -615, 4*i + a = 2*a + 800. Suppose g = -5*d + 985, 6*d - i = 5*d - g. Does 18 divide d?
False
Does 19 divide (-36)/(-8)*2061 + (-20)/40?
False
Let g(n) = 688*n**2 + 99*n + 101. Is g(-1) a multiple of 10?
True
Does 14 divide 42564/9 - -2 - (-203)/(-609)?
False
Let s(f) = -6*f - 13. Let a be s(-9). Suppose 0 = -4*j + 5*p - 6*p + 53, 3*j - a = -2*p. Let y = 196 - j. Is 32 a factor of y?
False
Let b(h) = h**3 - 9*h**2 + 2*h - 18. Let o be b(9). Suppose w - 8*w + 7245 = o. Is w a multiple of 12?
False
Let c(k) = 2*k + k**3 + 158 - 141 + 7*k + 16*k**2. Is c(-5) a multiple of 19?
True
Let h = 15 + -28. Let g = -11 - h. Is (-268)/((-3)/(3/g)) a multiple of 29?
False
Let s be (5 - 7)*42/12. Is 18 a factor of s + 4 + 286 + 5*1?
True
Let m be 1028/68 + (-16)/136. Is (m/2)/(9/90) a multiple of 25?
True
Suppose 12 = -2*j, -46189 = -11*k + 6*k + 4*j. Is 4 a factor of k?
False
Suppose 88*y - 159521 - 121375 = 0. Does 12 divide y?
True
Suppose 2*z - 6*h + h = 1595, -4*z + h = -3235. Suppose -817*c + z*c = -6300. Is 10 a factor of c?
True
Suppose -1800 = 181*s - 171*s. Is 19/((-19)/s) - -7 a multiple of 4?
False
Suppose -67 - 269 = 48*s. Let i(u) = -u**2 - 12*u - 11. Let y(m) = -3*m**2 - 35*m - 33. Let a(d) = -8*i(d) + 3*y(d). Is 2 a factor of a(s)?
False
Suppose -3*d = -30 - 117. Suppose u = 4 + d. Does 2 divide u?
False
Suppose 0 = -3*x - 3843 + 30699. Is 12 a factor of x?
True
Let a be -1*(4/10 - 44/10). Let w(s) = 39*s - 60. Is 32 a factor of w(a)?
True
Suppose 0 = 47*v - 149 - 86. Suppose -4*f = -20, v*r + 22*f - 18*f = 2260. Is 17 a factor of r?
False
Let w = -7020 + 9349. Does 17 divide w?
True
Suppose 4*v - 1437 = 107. Suppose -2*b = 4*g - 3*b - 1064, 2*b - 798 = -3*g. Let u = v - g. Is u a multiple of 20?
True
Suppose 0 = c - 2*t - 10, t + 5 = -5*c + 22. Is 25 a factor of (-4227)/(-13) - c/26?
True
Suppose -2*t = -o - 10249, 4*t - 20493 = 32*o - 35*o. Does 28 divide t?
True
Let c(q) = 2*q + 20. Let d be c(-9). Suppose 0 = g, t + 0*t = -d*g - 2. Let a = t + 13. Is 9 a factor of a?
False
Let q(a) = 26*a + 81. Let y(p) = -47*p - 163. Let u(v) = -11*q(v) - 6*y(v). Is 6 a factor of u(14)?
False
Is 26 a factor of (-2 + 1)*-2996 + 15?
False
Let t be 14/4*(120/42 - 2). Let l(i) = 37*i - 15. Does 10 divide l(t)?
False
Let t be 27*(0 - (2 - 1)). Let u(b) = -b**3 + 53*b**2 + 65. Let m be u(53). Let r = m + t. Is r a multiple of 19?
True
Is 952*(-5)/(-120)*(0 - -111) a multiple of 7?
True
Does 31 divide (-211058)/(-5) - 1 - (-144)/(-240)?
False
Let k(g) = g + 45. Let f be k(-9). Let u = -1 + f. Is u a multiple of 3?
False
Let p(y) = 22*y + 40. Let w be -1*((-8)/24 - (-46)/(-6)). Is 8 a factor of p(w)?
True
Let i = 6196 + -3446. Suppose 0*f + i = 25*f. Is 11 a factor of f?
True
Suppose -r - d + 0*d = -677, -r + 3*d + 685 = 0. Suppose -r - 686 = -13*o. Is o a multiple of 15?
True
Let o(n) = -7*n + 137. Let w be o(19). Suppose 0 = -0*k - w*k + 456. Does 6 divide k?
True
Let u(m) = 2*m**2 - 41*m + 28. Let g be (-62)/(-3) - (-11)/33. Is 7 a factor of u(g)?
True
Suppose 2*p - 17 + 5 = 0. Suppose 